{"id":18330,"date":"2023-06-26T10:00:38","date_gmt":"2023-06-26T10:00:38","guid":{"rendered":"https:\/\/www.vanin.be\/secundair-onderwijs-copy\/"},"modified":"2026-04-22T13:15:30","modified_gmt":"2026-04-22T13:15:30","slug":"secondaire","status":"publish","type":"page","link":"https:\/\/www.vanin.be\/fr\/secondaire\/","title":{"rendered":"Enseignement secondaire"},"content":{"rendered":"","protected":false},"excerpt":{"rendered":"","protected":false},"author":5,"featured_media":387,"parent":0,"menu_order":0,"comment_status":"closed","ping_status":"closed","template":"","meta":{"_acf_changed":false,"footnotes":""},"acf":[],"yoast_head":"<!-- This site is optimized with the Yoast SEO Premium plugin v22.8 (Yoast SEO v22.8) - https:\/\/yoast.com\/wordpress\/plugins\/seo\/ -->\n<title>Enseignement secondaire - VAN IN<\/title>\n<meta name=\"description\" content=\"D\u00e9couvrez les m\u00e9thodes des \u00e9ditions VAN IN - DE BOECK pour l&#039;enseignement secondaire g\u00e9n\u00e9ral et qualifiant !\" \/>\n<meta name=\"robots\" content=\"index, follow, max-snippet:-1, max-image-preview:large, max-video-preview:-1\" \/>\n<link rel=\"canonical\" href=\"https:\/\/www.vanin.be\/fr\/secondaire\/\" \/>\n<meta property=\"og:locale\" content=\"fr_FR\" \/>\n<meta property=\"og:type\" content=\"article\" \/>\n<meta property=\"og:title\" content=\"Enseignement secondaire\" \/>\n<meta property=\"og:description\" content=\"D\u00e9couvrez les m\u00e9thodes des \u00e9ditions VAN IN - DE BOECK pour l&#039;enseignement secondaire g\u00e9n\u00e9ral et qualifiant !\" \/>\n<meta property=\"og:url\" content=\"https:\/\/www.vanin.be\/fr\/secondaire\/\" \/>\n<meta property=\"og:site_name\" content=\"VAN IN\" \/>\n<meta property=\"article:publisher\" content=\"https:\/\/www.facebook.com\/uitgeverijvanin\" \/>\n<meta property=\"article:modified_time\" content=\"2026-04-22T13:15:30+00:00\" \/>\n<meta property=\"og:image\" content=\"https:\/\/www.vanin.be\/wp-content\/uploads\/2022\/08\/smug.png\" \/>\n\t<meta property=\"og:image:width\" content=\"1440\" \/>\n\t<meta property=\"og:image:height\" content=\"431\" \/>\n\t<meta property=\"og:image:type\" content=\"image\/png\" \/>\n<meta name=\"twitter:card\" content=\"summary_large_image\" \/>\n<meta name=\"twitter:site\" content=\"@UitgeverijVanIn\" \/>\n<script type=\"application\/ld+json\" class=\"yoast-schema-graph\">{\"@context\":\"https:\/\/schema.org\",\"@graph\":[{\"@type\":\"WebPage\",\"@id\":\"https:\/\/www.vanin.be\/fr\/secondaire\/\",\"url\":\"https:\/\/www.vanin.be\/fr\/secondaire\/\",\"name\":\"Enseignement secondaire - VAN IN\",\"isPartOf\":{\"@id\":\"https:\/\/van-in-website-production-241050714.eu-west-1.elb.amazonaws.com\/fr\/#website\"},\"primaryImageOfPage\":{\"@id\":\"https:\/\/www.vanin.be\/fr\/secondaire\/#primaryimage\"},\"image\":{\"@id\":\"https:\/\/www.vanin.be\/fr\/secondaire\/#primaryimage\"},\"thumbnailUrl\":\"https:\/\/www.vanin.be\/wp-content\/uploads\/2022\/08\/smug.png\",\"datePublished\":\"2023-06-26T10:00:38+00:00\",\"dateModified\":\"2026-04-22T13:15:30+00:00\",\"description\":\"D\u00e9couvrez les m\u00e9thodes des \u00e9ditions VAN IN - DE BOECK pour l'enseignement secondaire g\u00e9n\u00e9ral et qualifiant !\",\"breadcrumb\":{\"@id\":\"https:\/\/www.vanin.be\/fr\/secondaire\/#breadcrumb\"},\"inLanguage\":\"fr-FR\",\"potentialAction\":[{\"@type\":\"ReadAction\",\"target\":[\"https:\/\/www.vanin.be\/fr\/secondaire\/\"]}]},{\"@type\":\"ImageObject\",\"inLanguage\":\"fr-FR\",\"@id\":\"https:\/\/www.vanin.be\/fr\/secondaire\/#primaryimage\",\"url\":\"https:\/\/www.vanin.be\/wp-content\/uploads\/2022\/08\/smug.png\",\"contentUrl\":\"https:\/\/www.vanin.be\/wp-content\/uploads\/2022\/08\/smug.png\",\"width\":1440,\"height\":431,\"caption\":\"SO_Algemeen_Secundair_onderwijs_Uitgeverij_VAN_IN\"},{\"@type\":\"BreadcrumbList\",\"@id\":\"https:\/\/www.vanin.be\/fr\/secondaire\/#breadcrumb\",\"itemListElement\":[{\"@type\":\"ListItem\",\"position\":1,\"name\":\"Home\",\"item\":\"https:\/\/van-in-website-production-241050714.eu-west-1.elb.amazonaws.com\/fr\/\"},{\"@type\":\"ListItem\",\"position\":2,\"name\":\"Enseignement secondaire\"}]},{\"@type\":\"WebSite\",\"@id\":\"https:\/\/van-in-website-production-241050714.eu-west-1.elb.amazonaws.com\/fr\/#website\",\"url\":\"https:\/\/van-in-website-production-241050714.eu-west-1.elb.amazonaws.com\/fr\/\",\"name\":\"VAN IN\",\"description\":\"VAN IN\",\"publisher\":{\"@id\":\"https:\/\/van-in-website-production-241050714.eu-west-1.elb.amazonaws.com\/fr\/#organization\"},\"potentialAction\":[{\"@type\":\"SearchAction\",\"target\":{\"@type\":\"EntryPoint\",\"urlTemplate\":\"https:\/\/van-in-website-production-241050714.eu-west-1.elb.amazonaws.com\/fr\/?s={search_term_string}\"},\"query-input\":\"required name=search_term_string\"}],\"inLanguage\":\"fr-FR\"},{\"@type\":\"Organization\",\"@id\":\"https:\/\/van-in-website-production-241050714.eu-west-1.elb.amazonaws.com\/fr\/#organization\",\"name\":\"Uitgeverij VAN IN\",\"alternateName\":\"VAN IN\",\"url\":\"https:\/\/van-in-website-production-241050714.eu-west-1.elb.amazonaws.com\/fr\/\",\"logo\":{\"@type\":\"ImageObject\",\"inLanguage\":\"fr-FR\",\"@id\":\"https:\/\/van-in-website-production-241050714.eu-west-1.elb.amazonaws.com\/fr\/#\/schema\/logo\/image\/\",\"url\":\"https:\/\/www.vanin.be\/wp-content\/uploads\/2025\/01\/VANIN_logo_corporate_FullColor_pos.png\",\"contentUrl\":\"https:\/\/www.vanin.be\/wp-content\/uploads\/2025\/01\/VANIN_logo_corporate_FullColor_pos.png\",\"width\":4246,\"height\":1168,\"caption\":\"Uitgeverij VAN IN\"},\"image\":{\"@id\":\"https:\/\/van-in-website-production-241050714.eu-west-1.elb.amazonaws.com\/fr\/#\/schema\/logo\/image\/\"},\"sameAs\":[\"https:\/\/www.facebook.com\/uitgeverijvanin\",\"https:\/\/x.com\/UitgeverijVanIn\",\"https:\/\/www.youtube.com\/uitgeverijvanin\",\"https:\/\/www.linkedin.com\/company\/uitgeverij-van-in\"]}]}<\/script>\n<!-- \/ Yoast SEO Premium plugin. -->","yoast_head_json":{"title":"Enseignement secondaire - VAN IN","description":"D\u00e9couvrez les m\u00e9thodes des \u00e9ditions VAN IN - DE BOECK pour l'enseignement secondaire g\u00e9n\u00e9ral et qualifiant !","robots":{"index":"index","follow":"follow","max-snippet":"max-snippet:-1","max-image-preview":"max-image-preview:large","max-video-preview":"max-video-preview:-1"},"canonical":"https:\/\/www.vanin.be\/fr\/secondaire\/","og_locale":"fr_FR","og_type":"article","og_title":"Enseignement secondaire","og_description":"D\u00e9couvrez les m\u00e9thodes des \u00e9ditions VAN IN - DE BOECK pour l'enseignement secondaire g\u00e9n\u00e9ral et qualifiant !","og_url":"https:\/\/www.vanin.be\/fr\/secondaire\/","og_site_name":"VAN IN","article_publisher":"https:\/\/www.facebook.com\/uitgeverijvanin","article_modified_time":"2026-04-22T13:15:30+00:00","og_image":[{"width":1440,"height":431,"url":"https:\/\/www.vanin.be\/wp-content\/uploads\/2022\/08\/smug.png","type":"image\/png"}],"twitter_card":"summary_large_image","twitter_site":"@UitgeverijVanIn","schema":{"@context":"https:\/\/schema.org","@graph":[{"@type":"WebPage","@id":"https:\/\/www.vanin.be\/fr\/secondaire\/","url":"https:\/\/www.vanin.be\/fr\/secondaire\/","name":"Enseignement secondaire - VAN IN","isPartOf":{"@id":"https:\/\/van-in-website-production-241050714.eu-west-1.elb.amazonaws.com\/fr\/#website"},"primaryImageOfPage":{"@id":"https:\/\/www.vanin.be\/fr\/secondaire\/#primaryimage"},"image":{"@id":"https:\/\/www.vanin.be\/fr\/secondaire\/#primaryimage"},"thumbnailUrl":"https:\/\/www.vanin.be\/wp-content\/uploads\/2022\/08\/smug.png","datePublished":"2023-06-26T10:00:38+00:00","dateModified":"2026-04-22T13:15:30+00:00","description":"D\u00e9couvrez les m\u00e9thodes des \u00e9ditions VAN IN - DE BOECK pour l'enseignement secondaire g\u00e9n\u00e9ral et qualifiant !","breadcrumb":{"@id":"https:\/\/www.vanin.be\/fr\/secondaire\/#breadcrumb"},"inLanguage":"fr-FR","potentialAction":[{"@type":"ReadAction","target":["https:\/\/www.vanin.be\/fr\/secondaire\/"]}]},{"@type":"ImageObject","inLanguage":"fr-FR","@id":"https:\/\/www.vanin.be\/fr\/secondaire\/#primaryimage","url":"https:\/\/www.vanin.be\/wp-content\/uploads\/2022\/08\/smug.png","contentUrl":"https:\/\/www.vanin.be\/wp-content\/uploads\/2022\/08\/smug.png","width":1440,"height":431,"caption":"SO_Algemeen_Secundair_onderwijs_Uitgeverij_VAN_IN"},{"@type":"BreadcrumbList","@id":"https:\/\/www.vanin.be\/fr\/secondaire\/#breadcrumb","itemListElement":[{"@type":"ListItem","position":1,"name":"Home","item":"https:\/\/van-in-website-production-241050714.eu-west-1.elb.amazonaws.com\/fr\/"},{"@type":"ListItem","position":2,"name":"Enseignement secondaire"}]},{"@type":"WebSite","@id":"https:\/\/van-in-website-production-241050714.eu-west-1.elb.amazonaws.com\/fr\/#website","url":"https:\/\/van-in-website-production-241050714.eu-west-1.elb.amazonaws.com\/fr\/","name":"VAN IN","description":"VAN IN","publisher":{"@id":"https:\/\/van-in-website-production-241050714.eu-west-1.elb.amazonaws.com\/fr\/#organization"},"potentialAction":[{"@type":"SearchAction","target":{"@type":"EntryPoint","urlTemplate":"https:\/\/van-in-website-production-241050714.eu-west-1.elb.amazonaws.com\/fr\/?s={search_term_string}"},"query-input":"required name=search_term_string"}],"inLanguage":"fr-FR"},{"@type":"Organization","@id":"https:\/\/van-in-website-production-241050714.eu-west-1.elb.amazonaws.com\/fr\/#organization","name":"Uitgeverij VAN IN","alternateName":"VAN IN","url":"https:\/\/van-in-website-production-241050714.eu-west-1.elb.amazonaws.com\/fr\/","logo":{"@type":"ImageObject","inLanguage":"fr-FR","@id":"https:\/\/van-in-website-production-241050714.eu-west-1.elb.amazonaws.com\/fr\/#\/schema\/logo\/image\/","url":"https:\/\/www.vanin.be\/wp-content\/uploads\/2025\/01\/VANIN_logo_corporate_FullColor_pos.png","contentUrl":"https:\/\/www.vanin.be\/wp-content\/uploads\/2025\/01\/VANIN_logo_corporate_FullColor_pos.png","width":4246,"height":1168,"caption":"Uitgeverij VAN IN"},"image":{"@id":"https:\/\/van-in-website-production-241050714.eu-west-1.elb.amazonaws.com\/fr\/#\/schema\/logo\/image\/"},"sameAs":["https:\/\/www.facebook.com\/uitgeverijvanin","https:\/\/x.com\/UitgeverijVanIn","https:\/\/www.youtube.com\/uitgeverijvanin","https:\/\/www.linkedin.com\/company\/uitgeverij-van-in"]}]}},"_links":{"self":[{"href":"https:\/\/www.vanin.be\/fr\/wp-json\/wp\/v2\/pages\/18330"}],"collection":[{"href":"https:\/\/www.vanin.be\/fr\/wp-json\/wp\/v2\/pages"}],"about":[{"href":"https:\/\/www.vanin.be\/fr\/wp-json\/wp\/v2\/types\/page"}],"author":[{"embeddable":true,"href":"https:\/\/www.vanin.be\/fr\/wp-json\/wp\/v2\/users\/5"}],"replies":[{"embeddable":true,"href":"https:\/\/www.vanin.be\/fr\/wp-json\/wp\/v2\/comments?post=18330"}],"version-history":[{"count":152,"href":"https:\/\/www.vanin.be\/fr\/wp-json\/wp\/v2\/pages\/18330\/revisions"}],"predecessor-version":[{"id":67669,"href":"https:\/\/www.vanin.be\/fr\/wp-json\/wp\/v2\/pages\/18330\/revisions\/67669"}],"wp:featuredmedia":[{"embeddable":true,"href":"https:\/\/www.vanin.be\/fr\/wp-json\/wp\/v2\/media\/387"}],"wp:attachment":[{"href":"https:\/\/www.vanin.be\/fr\/wp-json\/wp\/v2\/media?parent=18330"}],"curies":[{"name":"wp","href":"https:\/\/api.w.org\/{rel}","templated":true}]}}

<!-- This site is optimized with the Yoast SEO Premium plugin v22.8 (Yoast SEO v22.8) - https://yoast.com/wordpress/plugins/seo/ -->
<title>Enseignement secondaire - VAN IN</title>
<meta name="description" content="Découvrez les méthodes des éditions VAN IN - DE BOECK pour l&#039;enseignement secondaire général et qualifiant !" />
<meta name="robots" content="index, follow, max-snippet:-1, max-image-preview:large, max-video-preview:-1" />
<link rel="canonical" href="https://www.vanin.be/fr/secondaire/" />
<meta property="og:locale" content="fr_FR" />
<meta property="og:type" content="article" />
<meta property="og:title" content="Enseignement secondaire" />
<meta property="og:description" content="Découvrez les méthodes des éditions VAN IN - DE BOECK pour l&#039;enseignement secondaire général et qualifiant !" />
<meta property="og:url" content="https://www.vanin.be/fr/secondaire/" />
<meta property="og:site_name" content="VAN IN" />
<meta property="article:publisher" content="https://www.facebook.com/uitgeverijvanin" />
<meta property="article:modified_time" content="2026-04-22T13:15:30+00:00" />
<meta property="og:image" content="https://www.vanin.be/wp-content/uploads/2022/08/smug.png" />
	<meta property="og:image:width" content="1440" />
	<meta property="og:image:height" content="431" />
	<meta property="og:image:type" content="image/png" />
<meta name="twitter:card" content="summary_large_image" />
<meta name="twitter:site" content="@UitgeverijVanIn" />
<script type="application/ld+json" class="yoast-schema-graph">{"@context":"https://schema.org","@graph":[{"@type":"WebPage","@id":"https://www.vanin.be/fr/secondaire/","url":"https://www.vanin.be/fr/secondaire/","name":"Enseignement secondaire - VAN IN","isPartOf":{"@id":"https://van-in-website-production-241050714.eu-west-1.elb.amazonaws.com/fr/#website"},"primaryImageOfPage":{"@id":"https://www.vanin.be/fr/secondaire/#primaryimage"},"image":{"@id":"https://www.vanin.be/fr/secondaire/#primaryimage"},"thumbnailUrl":"https://www.vanin.be/wp-content/uploads/2022/08/smug.png","datePublished":"2023-06-26T10:00:38+00:00","dateModified":"2026-04-22T13:15:30+00:00","description":"Découvrez les méthodes des éditions VAN IN - DE BOECK pour l'enseignement secondaire général et qualifiant !","breadcrumb":{"@id":"https://www.vanin.be/fr/secondaire/#breadcrumb"},"inLanguage":"fr-FR","potentialAction":[{"@type":"ReadAction","target":["https://www.vanin.be/fr/secondaire/"]}]},{"@type":"ImageObject","inLanguage":"fr-FR","@id":"https://www.vanin.be/fr/secondaire/#primaryimage","url":"https://www.vanin.be/wp-content/uploads/2022/08/smug.png","contentUrl":"https://www.vanin.be/wp-content/uploads/2022/08/smug.png","width":1440,"height":431,"caption":"SO_Algemeen_Secundair_onderwijs_Uitgeverij_VAN_IN"},{"@type":"BreadcrumbList","@id":"https://www.vanin.be/fr/secondaire/#breadcrumb","itemListElement":[{"@type":"ListItem","position":1,"name":"Home","item":"https://van-in-website-production-241050714.eu-west-1.elb.amazonaws.com/fr/"},{"@type":"ListItem","position":2,"name":"Enseignement secondaire"}]},{"@type":"WebSite","@id":"https://van-in-website-production-241050714.eu-west-1.elb.amazonaws.com/fr/#website","url":"https://van-in-website-production-241050714.eu-west-1.elb.amazonaws.com/fr/","name":"VAN IN","description":"VAN IN","publisher":{"@id":"https://van-in-website-production-241050714.eu-west-1.elb.amazonaws.com/fr/#organization"},"potentialAction":[{"@type":"SearchAction","target":{"@type":"EntryPoint","urlTemplate":"https://van-in-website-production-241050714.eu-west-1.elb.amazonaws.com/fr/?s={search_term_string}"},"query-input":"required name=search_term_string"}],"inLanguage":"fr-FR"},{"@type":"Organization","@id":"https://van-in-website-production-241050714.eu-west-1.elb.amazonaws.com/fr/#organization","name":"Uitgeverij VAN IN","alternateName":"VAN IN","url":"https://van-in-website-production-241050714.eu-west-1.elb.amazonaws.com/fr/","logo":{"@type":"ImageObject","inLanguage":"fr-FR","@id":"https://van-in-website-production-241050714.eu-west-1.elb.amazonaws.com/fr/#/schema/logo/image/","url":"https://www.vanin.be/wp-content/uploads/2025/01/VANIN_logo_corporate_FullColor_pos.png","contentUrl":"https://www.vanin.be/wp-content/uploads/2025/01/VANIN_logo_corporate_FullColor_pos.png","width":4246,"height":1168,"caption":"Uitgeverij VAN IN"},"image":{"@id":"https://van-in-website-production-241050714.eu-west-1.elb.amazonaws.com/fr/#/schema/logo/image/"},"sameAs":["https://www.facebook.com/uitgeverijvanin","https://x.com/UitgeverijVanIn","https://www.youtube.com/uitgeverijvanin","https://www.linkedin.com/company/uitgeverij-van-in"]}]}</script>
<!-- / Yoast SEO Premium plugin. -->

Découvrez les méthodes des éditions VAN IN - DE BOECK pour l'enseignement secondaire général et qualifiant !
