{"id":32814,"date":"2023-09-06T10:50:09","date_gmt":"2023-09-06T10:50:09","guid":{"rendered":"https:\/\/www.vanin.be\/?page_id=32814"},"modified":"2026-04-07T11:06:56","modified_gmt":"2026-04-07T11:06:56","slug":"evenements","status":"publish","type":"page","link":"https:\/\/www.vanin.be\/fr\/secondaire\/evenements\/","title":{"rendered":"\u00c9v\u00e8nements"},"content":{"rendered":"","protected":false},"excerpt":{"rendered":"","protected":false},"author":5,"featured_media":0,"parent":18330,"menu_order":0,"comment_status":"closed","ping_status":"closed","template":"","meta":{"_acf_changed":false,"footnotes":""},"acf":[],"yoast_head":"<!-- This site is optimized with the Yoast SEO Premium plugin v22.8 (Yoast SEO v22.8) - https:\/\/yoast.com\/wordpress\/plugins\/seo\/ -->\n<title>\u00c9v\u00e8nements - VAN IN<\/title>\n<meta name=\"description\" content=\"Participez \u00e0 nos \u00e9v\u00e8nements : d\u00e9couvrez nos nouveaut\u00e9s, suivez des formations ou des conf\u00e9rences inspirantes.\" \/>\n<meta name=\"robots\" content=\"index, follow, max-snippet:-1, max-image-preview:large, max-video-preview:-1\" \/>\n<link rel=\"canonical\" href=\"https:\/\/www.vanin.be\/fr\/secondaire\/evenements\/\" \/>\n<meta property=\"og:locale\" content=\"fr_FR\" \/>\n<meta property=\"og:type\" content=\"article\" \/>\n<meta property=\"og:title\" content=\"\u00c9v\u00e8nements\" \/>\n<meta property=\"og:description\" content=\"Participez \u00e0 nos \u00e9v\u00e8nements : d\u00e9couvrez nos nouveaut\u00e9s, suivez des formations ou des conf\u00e9rences inspirantes.\" \/>\n<meta property=\"og:url\" content=\"https:\/\/www.vanin.be\/fr\/secondaire\/evenements\/\" \/>\n<meta property=\"og:site_name\" content=\"VAN IN\" \/>\n<meta property=\"article:publisher\" content=\"https:\/\/www.facebook.com\/uitgeverijvanin\" \/>\n<meta property=\"article:modified_time\" content=\"2026-04-07T11:06:56+00:00\" \/>\n<meta name=\"twitter:card\" content=\"summary_large_image\" \/>\n<meta name=\"twitter:site\" content=\"@UitgeverijVanIn\" \/>\n<script type=\"application\/ld+json\" class=\"yoast-schema-graph\">{\"@context\":\"https:\/\/schema.org\",\"@graph\":[{\"@type\":\"WebPage\",\"@id\":\"https:\/\/www.vanin.be\/fr\/secondaire\/evenements\/\",\"url\":\"https:\/\/www.vanin.be\/fr\/secondaire\/evenements\/\",\"name\":\"\u00c9v\u00e8nements - VAN IN\",\"isPartOf\":{\"@id\":\"https:\/\/www.vanin.be\/fr\/#website\"},\"datePublished\":\"2023-09-06T10:50:09+00:00\",\"dateModified\":\"2026-04-07T11:06:56+00:00\",\"description\":\"Participez \u00e0 nos \u00e9v\u00e8nements : d\u00e9couvrez nos nouveaut\u00e9s, suivez des formations ou des conf\u00e9rences inspirantes.\",\"breadcrumb\":{\"@id\":\"https:\/\/www.vanin.be\/fr\/secondaire\/evenements\/#breadcrumb\"},\"inLanguage\":\"fr-FR\",\"potentialAction\":[{\"@type\":\"ReadAction\",\"target\":[\"https:\/\/www.vanin.be\/fr\/secondaire\/evenements\/\"]}]},{\"@type\":\"BreadcrumbList\",\"@id\":\"https:\/\/www.vanin.be\/fr\/secondaire\/evenements\/#breadcrumb\",\"itemListElement\":[{\"@type\":\"ListItem\",\"position\":1,\"name\":\"Home\",\"item\":\"https:\/\/www.vanin.be\/fr\/\"},{\"@type\":\"ListItem\",\"position\":2,\"name\":\"Enseignement secondaire\",\"item\":\"https:\/\/www.vanin.be\/fr\/secondaire\/\"},{\"@type\":\"ListItem\",\"position\":3,\"name\":\"\u00c9v\u00e8nements\"}]},{\"@type\":\"WebSite\",\"@id\":\"https:\/\/www.vanin.be\/fr\/#website\",\"url\":\"https:\/\/www.vanin.be\/fr\/\",\"name\":\"VAN IN\",\"description\":\"VAN IN\",\"publisher\":{\"@id\":\"https:\/\/www.vanin.be\/fr\/#organization\"},\"potentialAction\":[{\"@type\":\"SearchAction\",\"target\":{\"@type\":\"EntryPoint\",\"urlTemplate\":\"https:\/\/www.vanin.be\/fr\/?s={search_term_string}\"},\"query-input\":\"required name=search_term_string\"}],\"inLanguage\":\"fr-FR\"},{\"@type\":\"Organization\",\"@id\":\"https:\/\/www.vanin.be\/fr\/#organization\",\"name\":\"Uitgeverij VAN IN\",\"alternateName\":\"VAN IN\",\"url\":\"https:\/\/www.vanin.be\/fr\/\",\"logo\":{\"@type\":\"ImageObject\",\"inLanguage\":\"fr-FR\",\"@id\":\"https:\/\/www.vanin.be\/fr\/#\/schema\/logo\/image\/\",\"url\":\"https:\/\/www.vanin.be\/wp-content\/uploads\/2025\/01\/VANIN_logo_corporate_FullColor_pos.png\",\"contentUrl\":\"https:\/\/www.vanin.be\/wp-content\/uploads\/2025\/01\/VANIN_logo_corporate_FullColor_pos.png\",\"width\":4246,\"height\":1168,\"caption\":\"Uitgeverij VAN IN\"},\"image\":{\"@id\":\"https:\/\/www.vanin.be\/fr\/#\/schema\/logo\/image\/\"},\"sameAs\":[\"https:\/\/www.facebook.com\/uitgeverijvanin\",\"https:\/\/x.com\/UitgeverijVanIn\",\"https:\/\/www.youtube.com\/uitgeverijvanin\",\"https:\/\/www.linkedin.com\/company\/uitgeverij-van-in\"]}]}<\/script>\n<!-- \/ Yoast SEO Premium plugin. -->","yoast_head_json":{"title":"\u00c9v\u00e8nements - VAN IN","description":"Participez \u00e0 nos \u00e9v\u00e8nements : d\u00e9couvrez nos nouveaut\u00e9s, suivez des formations ou des conf\u00e9rences inspirantes.","robots":{"index":"index","follow":"follow","max-snippet":"max-snippet:-1","max-image-preview":"max-image-preview:large","max-video-preview":"max-video-preview:-1"},"canonical":"https:\/\/www.vanin.be\/fr\/secondaire\/evenements\/","og_locale":"fr_FR","og_type":"article","og_title":"\u00c9v\u00e8nements","og_description":"Participez \u00e0 nos \u00e9v\u00e8nements : d\u00e9couvrez nos nouveaut\u00e9s, suivez des formations ou des conf\u00e9rences inspirantes.","og_url":"https:\/\/www.vanin.be\/fr\/secondaire\/evenements\/","og_site_name":"VAN IN","article_publisher":"https:\/\/www.facebook.com\/uitgeverijvanin","article_modified_time":"2026-04-07T11:06:56+00:00","twitter_card":"summary_large_image","twitter_site":"@UitgeverijVanIn","schema":{"@context":"https:\/\/schema.org","@graph":[{"@type":"WebPage","@id":"https:\/\/www.vanin.be\/fr\/secondaire\/evenements\/","url":"https:\/\/www.vanin.be\/fr\/secondaire\/evenements\/","name":"\u00c9v\u00e8nements - VAN IN","isPartOf":{"@id":"https:\/\/www.vanin.be\/fr\/#website"},"datePublished":"2023-09-06T10:50:09+00:00","dateModified":"2026-04-07T11:06:56+00:00","description":"Participez \u00e0 nos \u00e9v\u00e8nements : d\u00e9couvrez nos nouveaut\u00e9s, suivez des formations ou des conf\u00e9rences inspirantes.","breadcrumb":{"@id":"https:\/\/www.vanin.be\/fr\/secondaire\/evenements\/#breadcrumb"},"inLanguage":"fr-FR","potentialAction":[{"@type":"ReadAction","target":["https:\/\/www.vanin.be\/fr\/secondaire\/evenements\/"]}]},{"@type":"BreadcrumbList","@id":"https:\/\/www.vanin.be\/fr\/secondaire\/evenements\/#breadcrumb","itemListElement":[{"@type":"ListItem","position":1,"name":"Home","item":"https:\/\/www.vanin.be\/fr\/"},{"@type":"ListItem","position":2,"name":"Enseignement secondaire","item":"https:\/\/www.vanin.be\/fr\/secondaire\/"},{"@type":"ListItem","position":3,"name":"\u00c9v\u00e8nements"}]},{"@type":"WebSite","@id":"https:\/\/www.vanin.be\/fr\/#website","url":"https:\/\/www.vanin.be\/fr\/","name":"VAN IN","description":"VAN IN","publisher":{"@id":"https:\/\/www.vanin.be\/fr\/#organization"},"potentialAction":[{"@type":"SearchAction","target":{"@type":"EntryPoint","urlTemplate":"https:\/\/www.vanin.be\/fr\/?s={search_term_string}"},"query-input":"required name=search_term_string"}],"inLanguage":"fr-FR"},{"@type":"Organization","@id":"https:\/\/www.vanin.be\/fr\/#organization","name":"Uitgeverij VAN IN","alternateName":"VAN IN","url":"https:\/\/www.vanin.be\/fr\/","logo":{"@type":"ImageObject","inLanguage":"fr-FR","@id":"https:\/\/www.vanin.be\/fr\/#\/schema\/logo\/image\/","url":"https:\/\/www.vanin.be\/wp-content\/uploads\/2025\/01\/VANIN_logo_corporate_FullColor_pos.png","contentUrl":"https:\/\/www.vanin.be\/wp-content\/uploads\/2025\/01\/VANIN_logo_corporate_FullColor_pos.png","width":4246,"height":1168,"caption":"Uitgeverij VAN IN"},"image":{"@id":"https:\/\/www.vanin.be\/fr\/#\/schema\/logo\/image\/"},"sameAs":["https:\/\/www.facebook.com\/uitgeverijvanin","https:\/\/x.com\/UitgeverijVanIn","https:\/\/www.youtube.com\/uitgeverijvanin","https:\/\/www.linkedin.com\/company\/uitgeverij-van-in"]}]}},"_links":{"self":[{"href":"https:\/\/www.vanin.be\/fr\/wp-json\/wp\/v2\/pages\/32814"}],"collection":[{"href":"https:\/\/www.vanin.be\/fr\/wp-json\/wp\/v2\/pages"}],"about":[{"href":"https:\/\/www.vanin.be\/fr\/wp-json\/wp\/v2\/types\/page"}],"author":[{"embeddable":true,"href":"https:\/\/www.vanin.be\/fr\/wp-json\/wp\/v2\/users\/5"}],"replies":[{"embeddable":true,"href":"https:\/\/www.vanin.be\/fr\/wp-json\/wp\/v2\/comments?post=32814"}],"version-history":[{"count":80,"href":"https:\/\/www.vanin.be\/fr\/wp-json\/wp\/v2\/pages\/32814\/revisions"}],"predecessor-version":[{"id":66735,"href":"https:\/\/www.vanin.be\/fr\/wp-json\/wp\/v2\/pages\/32814\/revisions\/66735"}],"up":[{"embeddable":true,"href":"https:\/\/www.vanin.be\/fr\/wp-json\/wp\/v2\/pages\/18330"}],"wp:attachment":[{"href":"https:\/\/www.vanin.be\/fr\/wp-json\/wp\/v2\/media?parent=32814"}],"curies":[{"name":"wp","href":"https:\/\/api.w.org\/{rel}","templated":true}]}}

Évènements

<!-- This site is optimized with the Yoast SEO Premium plugin v22.8 (Yoast SEO v22.8) - https://yoast.com/wordpress/plugins/seo/ -->
<title>Évènements - VAN IN</title>
<meta name="description" content="Participez à nos évènements : découvrez nos nouveautés, suivez des formations ou des conférences inspirantes." />
<meta name="robots" content="index, follow, max-snippet:-1, max-image-preview:large, max-video-preview:-1" />
<link rel="canonical" href="https://www.vanin.be/fr/secondaire/evenements/" />
<meta property="og:locale" content="fr_FR" />
<meta property="og:type" content="article" />
<meta property="og:title" content="Évènements" />
<meta property="og:description" content="Participez à nos évènements : découvrez nos nouveautés, suivez des formations ou des conférences inspirantes." />
<meta property="og:url" content="https://www.vanin.be/fr/secondaire/evenements/" />
<meta property="og:site_name" content="VAN IN" />
<meta property="article:publisher" content="https://www.facebook.com/uitgeverijvanin" />
<meta property="article:modified_time" content="2026-04-07T11:06:56+00:00" />
<meta name="twitter:card" content="summary_large_image" />
<meta name="twitter:site" content="@UitgeverijVanIn" />
<script type="application/ld+json" class="yoast-schema-graph">{"@context":"https://schema.org","@graph":[{"@type":"WebPage","@id":"https://www.vanin.be/fr/secondaire/evenements/","url":"https://www.vanin.be/fr/secondaire/evenements/","name":"Évènements - VAN IN","isPartOf":{"@id":"https://www.vanin.be/fr/#website"},"datePublished":"2023-09-06T10:50:09+00:00","dateModified":"2026-04-07T11:06:56+00:00","description":"Participez à nos évènements : découvrez nos nouveautés, suivez des formations ou des conférences inspirantes.","breadcrumb":{"@id":"https://www.vanin.be/fr/secondaire/evenements/#breadcrumb"},"inLanguage":"fr-FR","potentialAction":[{"@type":"ReadAction","target":["https://www.vanin.be/fr/secondaire/evenements/"]}]},{"@type":"BreadcrumbList","@id":"https://www.vanin.be/fr/secondaire/evenements/#breadcrumb","itemListElement":[{"@type":"ListItem","position":1,"name":"Home","item":"https://www.vanin.be/fr/"},{"@type":"ListItem","position":2,"name":"Enseignement secondaire","item":"https://www.vanin.be/fr/secondaire/"},{"@type":"ListItem","position":3,"name":"Évènements"}]},{"@type":"WebSite","@id":"https://www.vanin.be/fr/#website","url":"https://www.vanin.be/fr/","name":"VAN IN","description":"VAN IN","publisher":{"@id":"https://www.vanin.be/fr/#organization"},"potentialAction":[{"@type":"SearchAction","target":{"@type":"EntryPoint","urlTemplate":"https://www.vanin.be/fr/?s={search_term_string}"},"query-input":"required name=search_term_string"}],"inLanguage":"fr-FR"},{"@type":"Organization","@id":"https://www.vanin.be/fr/#organization","name":"Uitgeverij VAN IN","alternateName":"VAN IN","url":"https://www.vanin.be/fr/","logo":{"@type":"ImageObject","inLanguage":"fr-FR","@id":"https://www.vanin.be/fr/#/schema/logo/image/","url":"https://www.vanin.be/wp-content/uploads/2025/01/VANIN_logo_corporate_FullColor_pos.png","contentUrl":"https://www.vanin.be/wp-content/uploads/2025/01/VANIN_logo_corporate_FullColor_pos.png","width":4246,"height":1168,"caption":"Uitgeverij VAN IN"},"image":{"@id":"https://www.vanin.be/fr/#/schema/logo/image/"},"sameAs":["https://www.facebook.com/uitgeverijvanin","https://x.com/UitgeverijVanIn","https://www.youtube.com/uitgeverijvanin","https://www.linkedin.com/company/uitgeverij-van-in"]}]}</script>
<!-- / Yoast SEO Premium plugin. -->

Évènements - VAN IN

Participez à nos évènements : découvrez nos nouveautés, suivez des formations ou des conférences inspirantes.
