{"id":45031,"date":"2024-06-03T06:31:19","date_gmt":"2024-06-03T06:31:19","guid":{"rendered":"https:\/\/www.vanin.be\/fondamental\/evenements-2\/journeedesdirections2024-copy\/"},"modified":"2024-06-13T10:51:42","modified_gmt":"2024-06-13T10:51:42","slug":"leadership","status":"publish","type":"page","link":"https:\/\/www.vanin.be\/fr\/fondamental\/evenements-2\/leadership\/","title":{"rendered":"Leadership \u00c9ducatif 2024"},"content":{"rendered":"","protected":false},"excerpt":{"rendered":"","protected":false},"author":26,"featured_media":0,"parent":32830,"menu_order":0,"comment_status":"closed","ping_status":"closed","template":"","meta":{"_acf_changed":false,"footnotes":""},"acf":[],"yoast_head":"<!-- This site is optimized with the Yoast SEO Premium plugin v22.8 (Yoast SEO v22.8) - https:\/\/yoast.com\/wordpress\/plugins\/seo\/ -->\n<title>Leadership \u00c9ducatif 2024 - VAN IN<\/title>\n<meta name=\"description\" content=\"D\u00e9couvrez la liste des ouvrages des \u00e9ditions VAN IN - DE BOECK agr\u00e9\u00e9s dans le cadre du budget Manolo pour l&#039;enseignement fondamental.\" \/>\n<meta name=\"robots\" content=\"index, follow, max-snippet:-1, max-image-preview:large, max-video-preview:-1\" \/>\n<link rel=\"canonical\" href=\"https:\/\/www.vanin.be\/fr\/fondamental\/evenements-2\/leadership\/\" \/>\n<meta property=\"og:locale\" content=\"fr_FR\" \/>\n<meta property=\"og:type\" content=\"article\" \/>\n<meta property=\"og:title\" content=\"Leadership \u00c9ducatif 2024\" \/>\n<meta property=\"og:description\" content=\"D\u00e9couvrez la liste des ouvrages des \u00e9ditions VAN IN - DE BOECK agr\u00e9\u00e9s dans le cadre du budget Manolo pour l&#039;enseignement fondamental.\" \/>\n<meta property=\"og:url\" content=\"https:\/\/www.vanin.be\/fr\/fondamental\/evenements-2\/leadership\/\" \/>\n<meta property=\"og:site_name\" content=\"VAN IN\" \/>\n<meta property=\"article:publisher\" content=\"https:\/\/www.facebook.com\/uitgeverijvanin\" \/>\n<meta property=\"article:modified_time\" content=\"2024-06-13T10:51:42+00:00\" \/>\n<meta name=\"twitter:card\" content=\"summary_large_image\" \/>\n<meta name=\"twitter:site\" content=\"@UitgeverijVanIn\" \/>\n<script type=\"application\/ld+json\" class=\"yoast-schema-graph\">{\"@context\":\"https:\/\/schema.org\",\"@graph\":[{\"@type\":\"WebPage\",\"@id\":\"https:\/\/www.vanin.be\/fr\/fondamental\/evenements-2\/leadership\/\",\"url\":\"https:\/\/www.vanin.be\/fr\/fondamental\/evenements-2\/leadership\/\",\"name\":\"Leadership \u00c9ducatif 2024 - VAN IN\",\"isPartOf\":{\"@id\":\"https:\/\/van-in-website-production-241050714.eu-west-1.elb.amazonaws.com\/fr\/#website\"},\"datePublished\":\"2024-06-03T06:31:19+00:00\",\"dateModified\":\"2024-06-13T10:51:42+00:00\",\"description\":\"D\u00e9couvrez la liste des ouvrages des \u00e9ditions VAN IN - DE BOECK agr\u00e9\u00e9s dans le cadre du budget Manolo pour l'enseignement fondamental.\",\"breadcrumb\":{\"@id\":\"https:\/\/www.vanin.be\/fr\/fondamental\/evenements-2\/leadership\/#breadcrumb\"},\"inLanguage\":\"fr-FR\",\"potentialAction\":[{\"@type\":\"ReadAction\",\"target\":[\"https:\/\/www.vanin.be\/fr\/fondamental\/evenements-2\/leadership\/\"]}]},{\"@type\":\"BreadcrumbList\",\"@id\":\"https:\/\/www.vanin.be\/fr\/fondamental\/evenements-2\/leadership\/#breadcrumb\",\"itemListElement\":[{\"@type\":\"ListItem\",\"position\":1,\"name\":\"Home\",\"item\":\"https:\/\/van-in-website-production-241050714.eu-west-1.elb.amazonaws.com\/fr\/\"},{\"@type\":\"ListItem\",\"position\":2,\"name\":\"Enseignement fondamental\",\"item\":\"https:\/\/www.vanin.be\/fr\/fondamental\/\"},{\"@type\":\"ListItem\",\"position\":3,\"name\":\"\u00c9v\u00e8nements\",\"item\":\"https:\/\/www.vanin.be\/fr\/fondamental\/evenements-2\/\"},{\"@type\":\"ListItem\",\"position\":4,\"name\":\"Leadership \u00c9ducatif 2024\"}]},{\"@type\":\"WebSite\",\"@id\":\"https:\/\/van-in-website-production-241050714.eu-west-1.elb.amazonaws.com\/fr\/#website\",\"url\":\"https:\/\/van-in-website-production-241050714.eu-west-1.elb.amazonaws.com\/fr\/\",\"name\":\"VAN IN\",\"description\":\"VAN IN\",\"publisher\":{\"@id\":\"https:\/\/van-in-website-production-241050714.eu-west-1.elb.amazonaws.com\/fr\/#organization\"},\"potentialAction\":[{\"@type\":\"SearchAction\",\"target\":{\"@type\":\"EntryPoint\",\"urlTemplate\":\"https:\/\/van-in-website-production-241050714.eu-west-1.elb.amazonaws.com\/fr\/?s={search_term_string}\"},\"query-input\":\"required name=search_term_string\"}],\"inLanguage\":\"fr-FR\"},{\"@type\":\"Organization\",\"@id\":\"https:\/\/van-in-website-production-241050714.eu-west-1.elb.amazonaws.com\/fr\/#organization\",\"name\":\"Uitgeverij VAN IN\",\"alternateName\":\"VAN IN\",\"url\":\"https:\/\/van-in-website-production-241050714.eu-west-1.elb.amazonaws.com\/fr\/\",\"logo\":{\"@type\":\"ImageObject\",\"inLanguage\":\"fr-FR\",\"@id\":\"https:\/\/van-in-website-production-241050714.eu-west-1.elb.amazonaws.com\/fr\/#\/schema\/logo\/image\/\",\"url\":\"https:\/\/www.vanin.be\/wp-content\/uploads\/2025\/01\/VANIN_logo_corporate_FullColor_pos.png\",\"contentUrl\":\"https:\/\/www.vanin.be\/wp-content\/uploads\/2025\/01\/VANIN_logo_corporate_FullColor_pos.png\",\"width\":4246,\"height\":1168,\"caption\":\"Uitgeverij VAN IN\"},\"image\":{\"@id\":\"https:\/\/van-in-website-production-241050714.eu-west-1.elb.amazonaws.com\/fr\/#\/schema\/logo\/image\/\"},\"sameAs\":[\"https:\/\/www.facebook.com\/uitgeverijvanin\",\"https:\/\/x.com\/UitgeverijVanIn\",\"https:\/\/www.youtube.com\/uitgeverijvanin\",\"https:\/\/www.linkedin.com\/company\/uitgeverij-van-in\"]}]}<\/script>\n<!-- \/ Yoast SEO Premium plugin. -->","yoast_head_json":{"title":"Leadership \u00c9ducatif 2024 - VAN IN","description":"D\u00e9couvrez la liste des ouvrages des \u00e9ditions VAN IN - DE BOECK agr\u00e9\u00e9s dans le cadre du budget Manolo pour l'enseignement fondamental.","robots":{"index":"index","follow":"follow","max-snippet":"max-snippet:-1","max-image-preview":"max-image-preview:large","max-video-preview":"max-video-preview:-1"},"canonical":"https:\/\/www.vanin.be\/fr\/fondamental\/evenements-2\/leadership\/","og_locale":"fr_FR","og_type":"article","og_title":"Leadership \u00c9ducatif 2024","og_description":"D\u00e9couvrez la liste des ouvrages des \u00e9ditions VAN IN - DE BOECK agr\u00e9\u00e9s dans le cadre du budget Manolo pour l'enseignement fondamental.","og_url":"https:\/\/www.vanin.be\/fr\/fondamental\/evenements-2\/leadership\/","og_site_name":"VAN IN","article_publisher":"https:\/\/www.facebook.com\/uitgeverijvanin","article_modified_time":"2024-06-13T10:51:42+00:00","twitter_card":"summary_large_image","twitter_site":"@UitgeverijVanIn","schema":{"@context":"https:\/\/schema.org","@graph":[{"@type":"WebPage","@id":"https:\/\/www.vanin.be\/fr\/fondamental\/evenements-2\/leadership\/","url":"https:\/\/www.vanin.be\/fr\/fondamental\/evenements-2\/leadership\/","name":"Leadership \u00c9ducatif 2024 - VAN IN","isPartOf":{"@id":"https:\/\/van-in-website-production-241050714.eu-west-1.elb.amazonaws.com\/fr\/#website"},"datePublished":"2024-06-03T06:31:19+00:00","dateModified":"2024-06-13T10:51:42+00:00","description":"D\u00e9couvrez la liste des ouvrages des \u00e9ditions VAN IN - DE BOECK agr\u00e9\u00e9s dans le cadre du budget Manolo pour l'enseignement fondamental.","breadcrumb":{"@id":"https:\/\/www.vanin.be\/fr\/fondamental\/evenements-2\/leadership\/#breadcrumb"},"inLanguage":"fr-FR","potentialAction":[{"@type":"ReadAction","target":["https:\/\/www.vanin.be\/fr\/fondamental\/evenements-2\/leadership\/"]}]},{"@type":"BreadcrumbList","@id":"https:\/\/www.vanin.be\/fr\/fondamental\/evenements-2\/leadership\/#breadcrumb","itemListElement":[{"@type":"ListItem","position":1,"name":"Home","item":"https:\/\/van-in-website-production-241050714.eu-west-1.elb.amazonaws.com\/fr\/"},{"@type":"ListItem","position":2,"name":"Enseignement fondamental","item":"https:\/\/www.vanin.be\/fr\/fondamental\/"},{"@type":"ListItem","position":3,"name":"\u00c9v\u00e8nements","item":"https:\/\/www.vanin.be\/fr\/fondamental\/evenements-2\/"},{"@type":"ListItem","position":4,"name":"Leadership \u00c9ducatif 2024"}]},{"@type":"WebSite","@id":"https:\/\/van-in-website-production-241050714.eu-west-1.elb.amazonaws.com\/fr\/#website","url":"https:\/\/van-in-website-production-241050714.eu-west-1.elb.amazonaws.com\/fr\/","name":"VAN IN","description":"VAN IN","publisher":{"@id":"https:\/\/van-in-website-production-241050714.eu-west-1.elb.amazonaws.com\/fr\/#organization"},"potentialAction":[{"@type":"SearchAction","target":{"@type":"EntryPoint","urlTemplate":"https:\/\/van-in-website-production-241050714.eu-west-1.elb.amazonaws.com\/fr\/?s={search_term_string}"},"query-input":"required name=search_term_string"}],"inLanguage":"fr-FR"},{"@type":"Organization","@id":"https:\/\/van-in-website-production-241050714.eu-west-1.elb.amazonaws.com\/fr\/#organization","name":"Uitgeverij VAN IN","alternateName":"VAN IN","url":"https:\/\/van-in-website-production-241050714.eu-west-1.elb.amazonaws.com\/fr\/","logo":{"@type":"ImageObject","inLanguage":"fr-FR","@id":"https:\/\/van-in-website-production-241050714.eu-west-1.elb.amazonaws.com\/fr\/#\/schema\/logo\/image\/","url":"https:\/\/www.vanin.be\/wp-content\/uploads\/2025\/01\/VANIN_logo_corporate_FullColor_pos.png","contentUrl":"https:\/\/www.vanin.be\/wp-content\/uploads\/2025\/01\/VANIN_logo_corporate_FullColor_pos.png","width":4246,"height":1168,"caption":"Uitgeverij VAN IN"},"image":{"@id":"https:\/\/van-in-website-production-241050714.eu-west-1.elb.amazonaws.com\/fr\/#\/schema\/logo\/image\/"},"sameAs":["https:\/\/www.facebook.com\/uitgeverijvanin","https:\/\/x.com\/UitgeverijVanIn","https:\/\/www.youtube.com\/uitgeverijvanin","https:\/\/www.linkedin.com\/company\/uitgeverij-van-in"]}]}},"_links":{"self":[{"href":"https:\/\/www.vanin.be\/fr\/wp-json\/wp\/v2\/pages\/45031"}],"collection":[{"href":"https:\/\/www.vanin.be\/fr\/wp-json\/wp\/v2\/pages"}],"about":[{"href":"https:\/\/www.vanin.be\/fr\/wp-json\/wp\/v2\/types\/page"}],"author":[{"embeddable":true,"href":"https:\/\/www.vanin.be\/fr\/wp-json\/wp\/v2\/users\/26"}],"replies":[{"embeddable":true,"href":"https:\/\/www.vanin.be\/fr\/wp-json\/wp\/v2\/comments?post=45031"}],"version-history":[{"count":98,"href":"https:\/\/www.vanin.be\/fr\/wp-json\/wp\/v2\/pages\/45031\/revisions"}],"predecessor-version":[{"id":45932,"href":"https:\/\/www.vanin.be\/fr\/wp-json\/wp\/v2\/pages\/45031\/revisions\/45932"}],"up":[{"embeddable":true,"href":"https:\/\/www.vanin.be\/fr\/wp-json\/wp\/v2\/pages\/32830"}],"wp:attachment":[{"href":"https:\/\/www.vanin.be\/fr\/wp-json\/wp\/v2\/media?parent=45031"}],"curies":[{"name":"wp","href":"https:\/\/api.w.org\/{rel}","templated":true}]}}

Leadership Éducatif 2024

<!-- This site is optimized with the Yoast SEO Premium plugin v22.8 (Yoast SEO v22.8) - https://yoast.com/wordpress/plugins/seo/ -->
<title>Leadership Éducatif 2024 - VAN IN</title>
<meta name="description" content="Découvrez la liste des ouvrages des éditions VAN IN - DE BOECK agréés dans le cadre du budget Manolo pour l&#039;enseignement fondamental." />
<meta name="robots" content="index, follow, max-snippet:-1, max-image-preview:large, max-video-preview:-1" />
<link rel="canonical" href="https://www.vanin.be/fr/fondamental/evenements-2/leadership/" />
<meta property="og:locale" content="fr_FR" />
<meta property="og:type" content="article" />
<meta property="og:title" content="Leadership Éducatif 2024" />
<meta property="og:description" content="Découvrez la liste des ouvrages des éditions VAN IN - DE BOECK agréés dans le cadre du budget Manolo pour l&#039;enseignement fondamental." />
<meta property="og:url" content="https://www.vanin.be/fr/fondamental/evenements-2/leadership/" />
<meta property="og:site_name" content="VAN IN" />
<meta property="article:publisher" content="https://www.facebook.com/uitgeverijvanin" />
<meta property="article:modified_time" content="2024-06-13T10:51:42+00:00" />
<meta name="twitter:card" content="summary_large_image" />
<meta name="twitter:site" content="@UitgeverijVanIn" />
<script type="application/ld+json" class="yoast-schema-graph">{"@context":"https://schema.org","@graph":[{"@type":"WebPage","@id":"https://www.vanin.be/fr/fondamental/evenements-2/leadership/","url":"https://www.vanin.be/fr/fondamental/evenements-2/leadership/","name":"Leadership Éducatif 2024 - VAN IN","isPartOf":{"@id":"https://van-in-website-production-241050714.eu-west-1.elb.amazonaws.com/fr/#website"},"datePublished":"2024-06-03T06:31:19+00:00","dateModified":"2024-06-13T10:51:42+00:00","description":"Découvrez la liste des ouvrages des éditions VAN IN - DE BOECK agréés dans le cadre du budget Manolo pour l'enseignement fondamental.","breadcrumb":{"@id":"https://www.vanin.be/fr/fondamental/evenements-2/leadership/#breadcrumb"},"inLanguage":"fr-FR","potentialAction":[{"@type":"ReadAction","target":["https://www.vanin.be/fr/fondamental/evenements-2/leadership/"]}]},{"@type":"BreadcrumbList","@id":"https://www.vanin.be/fr/fondamental/evenements-2/leadership/#breadcrumb","itemListElement":[{"@type":"ListItem","position":1,"name":"Home","item":"https://van-in-website-production-241050714.eu-west-1.elb.amazonaws.com/fr/"},{"@type":"ListItem","position":2,"name":"Enseignement fondamental","item":"https://www.vanin.be/fr/fondamental/"},{"@type":"ListItem","position":3,"name":"Évènements","item":"https://www.vanin.be/fr/fondamental/evenements-2/"},{"@type":"ListItem","position":4,"name":"Leadership Éducatif 2024"}]},{"@type":"WebSite","@id":"https://van-in-website-production-241050714.eu-west-1.elb.amazonaws.com/fr/#website","url":"https://van-in-website-production-241050714.eu-west-1.elb.amazonaws.com/fr/","name":"VAN IN","description":"VAN IN","publisher":{"@id":"https://van-in-website-production-241050714.eu-west-1.elb.amazonaws.com/fr/#organization"},"potentialAction":[{"@type":"SearchAction","target":{"@type":"EntryPoint","urlTemplate":"https://van-in-website-production-241050714.eu-west-1.elb.amazonaws.com/fr/?s={search_term_string}"},"query-input":"required name=search_term_string"}],"inLanguage":"fr-FR"},{"@type":"Organization","@id":"https://van-in-website-production-241050714.eu-west-1.elb.amazonaws.com/fr/#organization","name":"Uitgeverij VAN IN","alternateName":"VAN IN","url":"https://van-in-website-production-241050714.eu-west-1.elb.amazonaws.com/fr/","logo":{"@type":"ImageObject","inLanguage":"fr-FR","@id":"https://van-in-website-production-241050714.eu-west-1.elb.amazonaws.com/fr/#/schema/logo/image/","url":"https://www.vanin.be/wp-content/uploads/2025/01/VANIN_logo_corporate_FullColor_pos.png","contentUrl":"https://www.vanin.be/wp-content/uploads/2025/01/VANIN_logo_corporate_FullColor_pos.png","width":4246,"height":1168,"caption":"Uitgeverij VAN IN"},"image":{"@id":"https://van-in-website-production-241050714.eu-west-1.elb.amazonaws.com/fr/#/schema/logo/image/"},"sameAs":["https://www.facebook.com/uitgeverijvanin","https://x.com/UitgeverijVanIn","https://www.youtube.com/uitgeverijvanin","https://www.linkedin.com/company/uitgeverij-van-in"]}]}</script>
<!-- / Yoast SEO Premium plugin. -->

Leadership Éducatif 2024 - VAN IN

Découvrez la liste des ouvrages des éditions VAN IN - DE BOECK agréés dans le cadre du budget Manolo pour l'enseignement fondamental.

Évènements
