{"id":61432,"date":"2025-10-22T12:18:47","date_gmt":"2025-10-22T12:18:47","guid":{"rendered":"https:\/\/www.vanin.be\/secondaire\/evenements\/vaninpreschezvous2025-copy\/"},"modified":"2026-04-07T09:53:24","modified_gmt":"2026-04-07T09:53:24","slug":"evenements2026","status":"publish","type":"page","link":"https:\/\/www.vanin.be\/fr\/secondaire\/evenements\/evenements2026\/","title":{"rendered":"Destinations \/ Escales Pacte"},"content":{"rendered":"","protected":false},"excerpt":{"rendered":"","protected":false},"author":25,"featured_media":0,"parent":32814,"menu_order":0,"comment_status":"closed","ping_status":"closed","template":"","meta":{"_acf_changed":false,"footnotes":""},"acf":[],"yoast_head":"<!-- This site is optimized with the Yoast SEO Premium plugin v22.8 (Yoast SEO v22.8) - https:\/\/yoast.com\/wordpress\/plugins\/seo\/ -->\n<title>Destinations \/ Escales Pacte - VAN IN<\/title>\n<meta name=\"description\" content=\"7 dates, 7 chances de nous rencontrer dans une ville pr\u00e8s de chez vous pour un moment convivial au mois d&#039;avril 2024. Rejoignez-nous \u00e0 l&#039;une de nos tables d&#039;exposition. Vous pourrez d\u00e9couvrir nos nouveaut\u00e9s, consulter nos ouvrages et \u00e9changer avec nos d\u00e9l\u00e9gu\u00e9s p\u00e9dagogiques.\" \/>\n<meta name=\"robots\" content=\"index, follow, max-snippet:-1, max-image-preview:large, max-video-preview:-1\" \/>\n<link rel=\"canonical\" href=\"https:\/\/www.vanin.be\/fr\/secondaire\/evenements\/evenements2026\/\" \/>\n<meta property=\"og:locale\" content=\"fr_FR\" \/>\n<meta property=\"og:type\" content=\"article\" \/>\n<meta property=\"og:title\" content=\"Destinations \/ Escales Pacte\" \/>\n<meta property=\"og:description\" content=\"7 dates, 7 chances de nous rencontrer dans une ville pr\u00e8s de chez vous pour un moment convivial au mois d&#039;avril 2024. Rejoignez-nous \u00e0 l&#039;une de nos tables d&#039;exposition. Vous pourrez d\u00e9couvrir nos nouveaut\u00e9s, consulter nos ouvrages et \u00e9changer avec nos d\u00e9l\u00e9gu\u00e9s p\u00e9dagogiques.\" \/>\n<meta property=\"og:url\" content=\"https:\/\/www.vanin.be\/fr\/secondaire\/evenements\/evenements2026\/\" \/>\n<meta property=\"og:site_name\" content=\"VAN IN\" \/>\n<meta property=\"article:publisher\" content=\"https:\/\/www.facebook.com\/uitgeverijvanin\" \/>\n<meta property=\"article:modified_time\" content=\"2026-04-07T09:53:24+00:00\" \/>\n<meta name=\"twitter:card\" content=\"summary_large_image\" \/>\n<meta name=\"twitter:site\" content=\"@UitgeverijVanIn\" \/>\n<script type=\"application\/ld+json\" class=\"yoast-schema-graph\">{\"@context\":\"https:\/\/schema.org\",\"@graph\":[{\"@type\":\"WebPage\",\"@id\":\"https:\/\/www.vanin.be\/fr\/secondaire\/evenements\/evenements2026\/\",\"url\":\"https:\/\/www.vanin.be\/fr\/secondaire\/evenements\/evenements2026\/\",\"name\":\"Destinations \/ Escales Pacte - VAN IN\",\"isPartOf\":{\"@id\":\"https:\/\/www.bordboeken.be\/#website\"},\"datePublished\":\"2025-10-22T12:18:47+00:00\",\"dateModified\":\"2026-04-07T09:53:24+00:00\",\"description\":\"7 dates, 7 chances de nous rencontrer dans une ville pr\u00e8s de chez vous pour un moment convivial au mois d'avril 2024. Rejoignez-nous \u00e0 l'une de nos tables d'exposition. Vous pourrez d\u00e9couvrir nos nouveaut\u00e9s, consulter nos ouvrages et \u00e9changer avec nos d\u00e9l\u00e9gu\u00e9s p\u00e9dagogiques.\",\"breadcrumb\":{\"@id\":\"https:\/\/www.vanin.be\/fr\/secondaire\/evenements\/evenements2026\/#breadcrumb\"},\"inLanguage\":\"fr-FR\",\"potentialAction\":[{\"@type\":\"ReadAction\",\"target\":[\"https:\/\/www.vanin.be\/fr\/secondaire\/evenements\/evenements2026\/\"]}]},{\"@type\":\"BreadcrumbList\",\"@id\":\"https:\/\/www.vanin.be\/fr\/secondaire\/evenements\/evenements2026\/#breadcrumb\",\"itemListElement\":[{\"@type\":\"ListItem\",\"position\":1,\"name\":\"Home\",\"item\":\"https:\/\/www.vanin.be\/fr\/\"},{\"@type\":\"ListItem\",\"position\":2,\"name\":\"Enseignement secondaire\",\"item\":\"https:\/\/www.vanin.be\/fr\/secondaire\/\"},{\"@type\":\"ListItem\",\"position\":3,\"name\":\"\u00c9v\u00e8nements\",\"item\":\"https:\/\/www.vanin.be\/fr\/secondaire\/evenements\/\"},{\"@type\":\"ListItem\",\"position\":4,\"name\":\"Destinations \/ Escales Pacte\"}]},{\"@type\":\"WebSite\",\"@id\":\"https:\/\/www.bordboeken.be\/#website\",\"url\":\"https:\/\/www.bordboeken.be\/\",\"name\":\"VAN IN\",\"description\":\"VAN IN\",\"publisher\":{\"@id\":\"https:\/\/www.bordboeken.be\/#organization\"},\"potentialAction\":[{\"@type\":\"SearchAction\",\"target\":{\"@type\":\"EntryPoint\",\"urlTemplate\":\"https:\/\/www.bordboeken.be\/?s={search_term_string}\"},\"query-input\":\"required name=search_term_string\"}],\"inLanguage\":\"fr-FR\"},{\"@type\":\"Organization\",\"@id\":\"https:\/\/www.bordboeken.be\/#organization\",\"name\":\"Uitgeverij VAN IN\",\"alternateName\":\"VAN IN\",\"url\":\"https:\/\/www.bordboeken.be\/\",\"logo\":{\"@type\":\"ImageObject\",\"inLanguage\":\"fr-FR\",\"@id\":\"https:\/\/www.bordboeken.be\/#\/schema\/logo\/image\/\",\"url\":\"https:\/\/www.vanin.be\/wp-content\/uploads\/2025\/01\/VANIN_logo_corporate_FullColor_pos.png\",\"contentUrl\":\"https:\/\/www.vanin.be\/wp-content\/uploads\/2025\/01\/VANIN_logo_corporate_FullColor_pos.png\",\"width\":4246,\"height\":1168,\"caption\":\"Uitgeverij VAN IN\"},\"image\":{\"@id\":\"https:\/\/www.bordboeken.be\/#\/schema\/logo\/image\/\"},\"sameAs\":[\"https:\/\/www.facebook.com\/uitgeverijvanin\",\"https:\/\/x.com\/UitgeverijVanIn\",\"https:\/\/www.youtube.com\/uitgeverijvanin\",\"https:\/\/www.linkedin.com\/company\/uitgeverij-van-in\"]}]}<\/script>\n<!-- \/ Yoast SEO Premium plugin. -->","yoast_head_json":{"title":"Destinations \/ Escales Pacte - VAN IN","description":"7 dates, 7 chances de nous rencontrer dans une ville pr\u00e8s de chez vous pour un moment convivial au mois d'avril 2024. Rejoignez-nous \u00e0 l'une de nos tables d'exposition. Vous pourrez d\u00e9couvrir nos nouveaut\u00e9s, consulter nos ouvrages et \u00e9changer avec nos d\u00e9l\u00e9gu\u00e9s p\u00e9dagogiques.","robots":{"index":"index","follow":"follow","max-snippet":"max-snippet:-1","max-image-preview":"max-image-preview:large","max-video-preview":"max-video-preview:-1"},"canonical":"https:\/\/www.vanin.be\/fr\/secondaire\/evenements\/evenements2026\/","og_locale":"fr_FR","og_type":"article","og_title":"Destinations \/ Escales Pacte","og_description":"7 dates, 7 chances de nous rencontrer dans une ville pr\u00e8s de chez vous pour un moment convivial au mois d'avril 2024. Rejoignez-nous \u00e0 l'une de nos tables d'exposition. Vous pourrez d\u00e9couvrir nos nouveaut\u00e9s, consulter nos ouvrages et \u00e9changer avec nos d\u00e9l\u00e9gu\u00e9s p\u00e9dagogiques.","og_url":"https:\/\/www.vanin.be\/fr\/secondaire\/evenements\/evenements2026\/","og_site_name":"VAN IN","article_publisher":"https:\/\/www.facebook.com\/uitgeverijvanin","article_modified_time":"2026-04-07T09:53:24+00:00","twitter_card":"summary_large_image","twitter_site":"@UitgeverijVanIn","schema":{"@context":"https:\/\/schema.org","@graph":[{"@type":"WebPage","@id":"https:\/\/www.vanin.be\/fr\/secondaire\/evenements\/evenements2026\/","url":"https:\/\/www.vanin.be\/fr\/secondaire\/evenements\/evenements2026\/","name":"Destinations \/ Escales Pacte - VAN IN","isPartOf":{"@id":"https:\/\/www.bordboeken.be\/#website"},"datePublished":"2025-10-22T12:18:47+00:00","dateModified":"2026-04-07T09:53:24+00:00","description":"7 dates, 7 chances de nous rencontrer dans une ville pr\u00e8s de chez vous pour un moment convivial au mois d'avril 2024. Rejoignez-nous \u00e0 l'une de nos tables d'exposition. Vous pourrez d\u00e9couvrir nos nouveaut\u00e9s, consulter nos ouvrages et \u00e9changer avec nos d\u00e9l\u00e9gu\u00e9s p\u00e9dagogiques.","breadcrumb":{"@id":"https:\/\/www.vanin.be\/fr\/secondaire\/evenements\/evenements2026\/#breadcrumb"},"inLanguage":"fr-FR","potentialAction":[{"@type":"ReadAction","target":["https:\/\/www.vanin.be\/fr\/secondaire\/evenements\/evenements2026\/"]}]},{"@type":"BreadcrumbList","@id":"https:\/\/www.vanin.be\/fr\/secondaire\/evenements\/evenements2026\/#breadcrumb","itemListElement":[{"@type":"ListItem","position":1,"name":"Home","item":"https:\/\/www.vanin.be\/fr\/"},{"@type":"ListItem","position":2,"name":"Enseignement secondaire","item":"https:\/\/www.vanin.be\/fr\/secondaire\/"},{"@type":"ListItem","position":3,"name":"\u00c9v\u00e8nements","item":"https:\/\/www.vanin.be\/fr\/secondaire\/evenements\/"},{"@type":"ListItem","position":4,"name":"Destinations \/ Escales Pacte"}]},{"@type":"WebSite","@id":"https:\/\/www.bordboeken.be\/#website","url":"https:\/\/www.bordboeken.be\/","name":"VAN IN","description":"VAN IN","publisher":{"@id":"https:\/\/www.bordboeken.be\/#organization"},"potentialAction":[{"@type":"SearchAction","target":{"@type":"EntryPoint","urlTemplate":"https:\/\/www.bordboeken.be\/?s={search_term_string}"},"query-input":"required name=search_term_string"}],"inLanguage":"fr-FR"},{"@type":"Organization","@id":"https:\/\/www.bordboeken.be\/#organization","name":"Uitgeverij VAN IN","alternateName":"VAN IN","url":"https:\/\/www.bordboeken.be\/","logo":{"@type":"ImageObject","inLanguage":"fr-FR","@id":"https:\/\/www.bordboeken.be\/#\/schema\/logo\/image\/","url":"https:\/\/www.vanin.be\/wp-content\/uploads\/2025\/01\/VANIN_logo_corporate_FullColor_pos.png","contentUrl":"https:\/\/www.vanin.be\/wp-content\/uploads\/2025\/01\/VANIN_logo_corporate_FullColor_pos.png","width":4246,"height":1168,"caption":"Uitgeverij VAN IN"},"image":{"@id":"https:\/\/www.bordboeken.be\/#\/schema\/logo\/image\/"},"sameAs":["https:\/\/www.facebook.com\/uitgeverijvanin","https:\/\/x.com\/UitgeverijVanIn","https:\/\/www.youtube.com\/uitgeverijvanin","https:\/\/www.linkedin.com\/company\/uitgeverij-van-in"]}]}},"_links":{"self":[{"href":"https:\/\/www.vanin.be\/fr\/wp-json\/wp\/v2\/pages\/61432"}],"collection":[{"href":"https:\/\/www.vanin.be\/fr\/wp-json\/wp\/v2\/pages"}],"about":[{"href":"https:\/\/www.vanin.be\/fr\/wp-json\/wp\/v2\/types\/page"}],"author":[{"embeddable":true,"href":"https:\/\/www.vanin.be\/fr\/wp-json\/wp\/v2\/users\/25"}],"replies":[{"embeddable":true,"href":"https:\/\/www.vanin.be\/fr\/wp-json\/wp\/v2\/comments?post=61432"}],"version-history":[{"count":245,"href":"https:\/\/www.vanin.be\/fr\/wp-json\/wp\/v2\/pages\/61432\/revisions"}],"predecessor-version":[{"id":65312,"href":"https:\/\/www.vanin.be\/fr\/wp-json\/wp\/v2\/pages\/61432\/revisions\/65312"}],"up":[{"embeddable":true,"href":"https:\/\/www.vanin.be\/fr\/wp-json\/wp\/v2\/pages\/32814"}],"wp:attachment":[{"href":"https:\/\/www.vanin.be\/fr\/wp-json\/wp\/v2\/media?parent=61432"}],"curies":[{"name":"wp","href":"https:\/\/api.w.org\/{rel}","templated":true}]}}

<!-- This site is optimized with the Yoast SEO Premium plugin v22.8 (Yoast SEO v22.8) - https://yoast.com/wordpress/plugins/seo/ -->
<title>Destinations / Escales Pacte - VAN IN</title>
<meta name="description" content="7 dates, 7 chances de nous rencontrer dans une ville près de chez vous pour un moment convivial au mois d&#039;avril 2024. Rejoignez-nous à l&#039;une de nos tables d&#039;exposition. Vous pourrez découvrir nos nouveautés, consulter nos ouvrages et échanger avec nos délégués pédagogiques." />
<meta name="robots" content="index, follow, max-snippet:-1, max-image-preview:large, max-video-preview:-1" />
<link rel="canonical" href="https://www.vanin.be/fr/secondaire/evenements/evenements2026/" />
<meta property="og:locale" content="fr_FR" />
<meta property="og:type" content="article" />
<meta property="og:title" content="Destinations / Escales Pacte" />
<meta property="og:description" content="7 dates, 7 chances de nous rencontrer dans une ville près de chez vous pour un moment convivial au mois d&#039;avril 2024. Rejoignez-nous à l&#039;une de nos tables d&#039;exposition. Vous pourrez découvrir nos nouveautés, consulter nos ouvrages et échanger avec nos délégués pédagogiques." />
<meta property="og:url" content="https://www.vanin.be/fr/secondaire/evenements/evenements2026/" />
<meta property="og:site_name" content="VAN IN" />
<meta property="article:publisher" content="https://www.facebook.com/uitgeverijvanin" />
<meta property="article:modified_time" content="2026-04-07T09:53:24+00:00" />
<meta name="twitter:card" content="summary_large_image" />
<meta name="twitter:site" content="@UitgeverijVanIn" />
<script type="application/ld+json" class="yoast-schema-graph">{"@context":"https://schema.org","@graph":[{"@type":"WebPage","@id":"https://www.vanin.be/fr/secondaire/evenements/evenements2026/","url":"https://www.vanin.be/fr/secondaire/evenements/evenements2026/","name":"Destinations / Escales Pacte - VAN IN","isPartOf":{"@id":"https://www.bordboeken.be/#website"},"datePublished":"2025-10-22T12:18:47+00:00","dateModified":"2026-04-07T09:53:24+00:00","description":"7 dates, 7 chances de nous rencontrer dans une ville près de chez vous pour un moment convivial au mois d'avril 2024. Rejoignez-nous à l'une de nos tables d'exposition. Vous pourrez découvrir nos nouveautés, consulter nos ouvrages et échanger avec nos délégués pédagogiques.","breadcrumb":{"@id":"https://www.vanin.be/fr/secondaire/evenements/evenements2026/#breadcrumb"},"inLanguage":"fr-FR","potentialAction":[{"@type":"ReadAction","target":["https://www.vanin.be/fr/secondaire/evenements/evenements2026/"]}]},{"@type":"BreadcrumbList","@id":"https://www.vanin.be/fr/secondaire/evenements/evenements2026/#breadcrumb","itemListElement":[{"@type":"ListItem","position":1,"name":"Home","item":"https://www.vanin.be/fr/"},{"@type":"ListItem","position":2,"name":"Enseignement secondaire","item":"https://www.vanin.be/fr/secondaire/"},{"@type":"ListItem","position":3,"name":"Évènements","item":"https://www.vanin.be/fr/secondaire/evenements/"},{"@type":"ListItem","position":4,"name":"Destinations / Escales Pacte"}]},{"@type":"WebSite","@id":"https://www.bordboeken.be/#website","url":"https://www.bordboeken.be/","name":"VAN IN","description":"VAN IN","publisher":{"@id":"https://www.bordboeken.be/#organization"},"potentialAction":[{"@type":"SearchAction","target":{"@type":"EntryPoint","urlTemplate":"https://www.bordboeken.be/?s={search_term_string}"},"query-input":"required name=search_term_string"}],"inLanguage":"fr-FR"},{"@type":"Organization","@id":"https://www.bordboeken.be/#organization","name":"Uitgeverij VAN IN","alternateName":"VAN IN","url":"https://www.bordboeken.be/","logo":{"@type":"ImageObject","inLanguage":"fr-FR","@id":"https://www.bordboeken.be/#/schema/logo/image/","url":"https://www.vanin.be/wp-content/uploads/2025/01/VANIN_logo_corporate_FullColor_pos.png","contentUrl":"https://www.vanin.be/wp-content/uploads/2025/01/VANIN_logo_corporate_FullColor_pos.png","width":4246,"height":1168,"caption":"Uitgeverij VAN IN"},"image":{"@id":"https://www.bordboeken.be/#/schema/logo/image/"},"sameAs":["https://www.facebook.com/uitgeverijvanin","https://x.com/UitgeverijVanIn","https://www.youtube.com/uitgeverijvanin","https://www.linkedin.com/company/uitgeverij-van-in"]}]}</script>
<!-- / Yoast SEO Premium plugin. -->

7 dates, 7 chances de nous rencontrer dans une ville près de chez vous pour un moment convivial au mois d'avril 2024. Rejoignez-nous à l'une de nos tables d'exposition. Vous pourrez découvrir nos nouveautés, consulter nos ouvrages et échanger avec nos délégués pédagogiques.

Évènements
